nd 1607251.
89
What is the highest common factor of 1744 and 1328?
16
What is the greatest common divisor of 15 and 7500?
15
Calculate the greatest common factor of 3384 and 9144.
72
Calculate the highest common factor of 77 and 2576.
7
Calculate the highest common factor of 94381 and 78813.
973
Calculate the highest common factor of 49438 and 190.
38
Calculate the highest common divisor of 306046 and 7897.
149
Calculate the highest common divisor of 2156 and 118188.
196
What is the greatest common divisor of 447333 and 21?
3
Calculate the greatest common divisor of 55 and 1595.
55
Calculate the highest common factor of 21142620 and 1263.
1263
What is the highest common factor of 987 and 13251?
21
Calculate the greatest common factor of 384 and 1074.
6
What is the highest common factor of 1334036 and 44?
44
Calculate the highest common divisor of 45008 and 16.
16
Calculate the greatest common factor of 88 and 52756.
44
What is the highest common divisor of 76944 and 7392?
336
What is the highest common factor of 52129 and 308?
77
What is the highest common divisor of 5094630 and 27?
27
What is the highest common factor of 96 and 104096?
32
Calculate the highest common divisor of 27028 and 2097.
233
Calculate the highest common factor of 1104 and 2064.
48
What is the highest common divisor of 23 and 80063?
23
Calculate the greatest common divisor of 12 and 223092.
12
Calculate the greatest common divisor of 18459 and 756.
63
What is the greatest common divisor of 12 and 382566?
6
Calculate the greatest common divisor of 24690 and 390.
30
What is the highest common factor of 14724 and 48?
12
Calculate the highest common divisor of 24 and 913188.
12
What is the greatest common divisor of 3 and 12651?
3
What is the greatest common divisor of 572187 and 231?
231
Calculate the highest common factor of 1782 and 1749.
33
What is the greatest common factor of 721 and 59431?
103
Calculate the highest common divisor of 35000 and 23240.
280
What is the highest common factor of 10552 and 2672?
8
Calculate the highest common divisor of 1728 and 4003776.
1728
What is the highest common divisor of 94757 and 1443?
481
What is the greatest common divisor of 892 and 2960548?
892
What is the greatest common factor of 8433 and 45?
9
Calculate the highest common divisor of 17280 and 2080.
160
What is the highest common divisor of 1271 and 4100?
41
What is the highest common divisor of 3082 and 2144?
134
Calculate the highest common factor of 222050 and 20.
10
What is the greatest common factor of 15 and 77565?
15
What is the greatest common factor of 1101376 and 16?
16
Calculate the highest common factor of 150260 and 55.
55
Calculate the highest common factor of 38402 and 8018.
422
Calculate the highest common divisor of 536 and 160331.
67
What is the greatest common factor of 21995 and 1325?
265
What is the greatest common divisor of 32 and 197888?
32
Calculate the highest common divisor of 630 and 93618.
126
Calculate the highest common factor of 515457 and 5967.
459
Calculate the greatest common factor of 34330 and 1680.
10
What is the greatest common factor of 7 and 554974?
7
Calculate the highest common divisor of 4260 and 255.
15
What is the greatest common factor of 242358 and 186?
186
What is the highest common factor of 704 and 16928?
32
Calculate the highest common factor of 360 and 1302660.
180
Calculate the greatest common divisor of 1131 and 156455.
377
What is the greatest common factor of 100798 and 2222?
202
What is the highest common divisor of 45410 and 133?
19
Calculate the highest common factor of 1239 and 3318.
21
What is the highest common factor of 219 and 483114?
219
What is the highest common factor of 380 and 392020?
20
Calculate the greatest common factor of 23838 and 2088.
174
What is the highest common divisor of 1989 and 38709?
153
Calculate the highest common divisor of 1423 and 2.
1
What is the highest common factor of 20 and 20612?
4
What is the highest common factor of 3 and 5619?
3
Calculate the highest common divisor of 944 and 27184.
16
What is the greatest common divisor of 33 and 2519?
11
Calculate the greatest common factor of 88 and 259944.
8
What is the highest common divisor of 285632 and 32?
32
What is the greatest common factor of 152 and 5008?
8
What is the highest common divisor of 1398810 and 120?
30
Calculate the highest common divisor of 54000 and 405.
135
What is the highest common divisor of 594 and 13596?
66
What is the greatest common divisor of 453 and 682671?
453
Calculate the highest common divisor of 1845 and 5043.
123
Calculate the highest common factor of 97019 and 3757.
221
Calculate the greatest common factor of 3944916 and 6.
6
Calculate the highest common factor of 16 and 619408.
16
What is the greatest common factor of 7350 and 15582?
294
Calculate the highest common divisor of 4468695 and 438.
219
What is the highest common divisor of 181104 and 8008?
616
Calculate the highest common divisor of 264 and 3586.
22
Calculate the highest common divisor of 38 and 1048154.
38
What is the highest common divisor of 14 and 201278?
14
Calculate the greatest common divisor of 1118 and 470119.
559
What is the greatest common factor of 112468 and 372?
124
What is the greatest common divisor of 487853 and 575?
23
Calculate the greatest common divisor of 1488 and 1420296.
744
Calculate the greatest common divisor of 1923 and 50639.
641
Calculate the highest common factor of 8697 and 117.
39
Calculate the greatest common factor of 2220522 and 2928.
366
What is the highest common factor of 114 and 53941?
19
Calculate the highest common divisor of 9846528 and 12.
12
Calculate the highest common factor of 396 and 402644.
44
What is the greatest common factor of 3582 and 12?
6
What is the highest common divisor of 28894 and 12?
2
Calculate the highest common factor of 144 and 2482736.
16
What is the greatest common factor of 80 and 12020?
20
What is the greatest common factor of 1454 and 16721?
727
What is the greatest common factor of 215594 and 79822?
746
Calculate the greatest common divisor of 141763 and 51646.
527
Calculate the highest common factor of 4 and 2315996.
4
What is the greatest common divisor of 23 and 8075967?
23
Calculate the greatest common divisor of 7384 and 272.
8
Calculate the highest common factor of 462714 and 10626.
966
Calculate the greatest common divisor of 20798366 and 37.
37
What is the greatest common divisor of 2890 and 1275?
85
Calculate the greatest common divisor of 1116 and 540.
36
What is the highest common factor of 504771 and 339?
339
What is the greatest common factor of 2368 and 2775?
37
Calculate the highest common divisor of 201868 and 58801.
463
Calculate the greatest common factor of 710 and 3620290.
710
What is the greatest common divisor of 14 and 44135?
7
What is the greatest common divisor of 248 and 395002?
62
What is the highest common divisor of 94 and 18742?
2
What is the greatest common factor of 553 and 6671?
7
Calculate the highest common factor of 74 and 79513.
37
What is the greatest common factor of 128 and 100512?
32
What is the highest common divisor of 232645 and 2550?
85
What is the highest common factor of 2366 and 8974?
14
Calculate the greatest common factor of 91429 and 169.
169
What is the highest common factor of 3550 and 13561?
71
What is the highest common factor of 28296 and 228?
12
Calculate the greatest common factor of 4307694 and 6.
6
Calculate the highest common divisor of 257 and 179.
1
What is the highest common factor of 16549 and 351?
13
Calculate the highest common factor of 966 and 52150.
14
Calculate the highest common divisor of 785 and 540.
5
Calculate the highest common factor of 770440 and 20.
20
What is the highest common divisor of 120 and 355560?
120
Calculate the greatest common factor of 282051 and 594.
99
What is the highest common factor of 1991225 and 345?
115
Calculate the highest common factor of 209500 and 4.
4
What is the highest common divisor of 885 and 5487?
177
Calculate the highest common divisor of 1405 and 405.
5
What is the highest common divisor of 120788 and 4?
4
Calculate the greatest common divisor of 28519 and 36814.
79
Calculate the highest common divisor of 18616 and 728.
104
Calculate the highest co